{"id":1594,"date":"2020-11-24T08:07:28","date_gmt":"2020-11-24T07:07:28","guid":{"rendered":"https:\/\/dev.scot-saonedombes.fr\/?page_id=1594"},"modified":"2021-02-04T15:02:09","modified_gmt":"2021-02-04T14:02:09","slug":"competences-et-missions","status":"publish","type":"page","link":"https:\/\/www.scot-saonedombes.fr\/val-saone-dombes\/qu-est-ce-que-le-scot\/une-structure-pour-porter-le-projet\/competences-et-missions\/","title":{"rendered":"Comp\u00e9tences et missions"},"content":{"rendered":"\n<p>Le syndicat mixte \u00ab Val de Sa\u00f4ne-Dombes \u00bb, apr\u00e8s avoir approuv\u00e9 le Sch\u00e9ma de coh\u00e9rence territoriale (SCOT), poursuit d\u00e9sormais plusieurs missions :<\/p>\n\n\n\n<ul class=\"wp-block-list\"><li><a rel=\"noreferrer noopener\" href=\"http:\/\/www.scot-saonedombes.fr\/uploads\/images\/Competences_scots_retaille.jpg\" target=\"_blank\"><\/a><strong>Accompagner les collectivit\u00e9s dans leurs d\u00e9marches d&rsquo;urbanisme<\/strong>\u00a0: Le SCOT respecte le principe de subsidiarit\u00e9 : les collectivit\u00e9s membres ont pour t\u00e2che d&rsquo;en apporter les traductions locales. Accompagner et conseiller les \u00e9lus lors de l&rsquo;\u00e9laboration des projets et documents d&rsquo;urbanisme est donc essentiel \u00e0 la mise en \u0153uvre r\u00e9ussie du SCOT ; la formulation des avis du syndicat mixte au titre de personnes publique associ\u00e9e ou consult\u00e9e n&rsquo;en est que l&rsquo;aboutissement.<\/li><\/ul>\n\n\n\n<ul class=\"wp-block-list\"><li><strong>Faire \u00e9voluer le SCOT pour l&rsquo;adapter au nouveau contexte<\/strong>\u00a0: le SCOT n&rsquo;est pas immuable ; les \u00e9volutions l\u00e9gislatives, le contexte local,&#8230;peuvent n\u00e9cessiter certains ajustements du document. La modification du SCOT pour sa mise en compatibilit\u00e9 avec la Directive Territoriale d&rsquo;Am\u00e9nagement en est un exemple.<\/li><\/ul>\n\n\n\n<ul class=\"wp-block-list\"><li><strong>Articuler le SCOT avec les autres d\u00e9marches de projet<\/strong>\u00a0; le syndicat mixte participe \u00e0 l&rsquo;ensemble des r\u00e9flexions, travaux, \u00e9tudes men\u00e9s sur tout ou partie de son p\u00e9rim\u00e8tre afin de garantir une prise en compte mutuelle des enjeux et principes d&rsquo;organisation d\u00e9finis sur le territoire . Il noue ainsi un dialogue permanent avec ses partenaires : communes et intercommunalit\u00e9s, R\u00e9gion Auvergne-Rh\u00f4ne-Alpes et D\u00e9partement de l&rsquo;Ain, chambres consulaires, Etat, territoires voisins, &#8230;<\/li><\/ul>\n\n\n\n<ul class=\"wp-block-list\"><li><strong>Communiquer, informer, sensibiliser<\/strong>&nbsp;sur les enjeux, les orientations et les actions \u00e0 conduire pour garantir un am\u00e9nagement durable du territoire : dans la perspective d&rsquo;informer tous les acteurs du territoire sur le SCoT et plus largement sur l&rsquo;urbanisme et l&rsquo;am\u00e9nagement durables, le Syndicat mixte organise des actions de sensibilisation et des temps d&rsquo;\u00e9change et d&rsquo;information \u00e0 destination des \u00e9lus et des professionnels.<\/li><\/ul>\n\n\n\n<ul class=\"wp-block-list\"><li><strong>Suivre et \u00e9valuer<\/strong>&nbsp;: le SCOT doit faire l&rsquo;objet d&rsquo;un suivi puis d&rsquo;un bilan, au plus tard dix ans apr\u00e8s son approbation afin de veiller qu&rsquo;au fil du temps, les choix d&rsquo;am\u00e9nagement s&rsquo;av\u00e8rent pertinents et op\u00e9rationnels, et d&rsquo;appr\u00e9cier, le cas \u00e9ch\u00e9ant l&rsquo;opportunit\u00e9 de son \u00e9ventuelle r\u00e9vision. La d\u00e9marche Interscot constitue un maillon important du dispositif de suivi-\u00e9valuation en permettant une mutualisation des m\u00e9thodes et des connaissances avec les autres syndicats mixtes de SCOT ;<\/li><\/ul>\n\n\n\n<p><em>&nbsp;&nbsp;&nbsp;&nbsp;&nbsp;&nbsp;&nbsp;&nbsp;&nbsp;Consultez les documents et travaux relatifs au&nbsp;<a href=\"http:\/\/www.scot-saonedombes.fr\/ressources-communes.html?height=600&amp;width=850\" target=\"_blank\" rel=\"noreferrer noopener\">suivi-\u00e9valuation du SCOT Val de Sa\u00f4ne-Dombes<\/a>.<\/em><\/p>\n","protected":false},"excerpt":{"rendered":"<p>Le syndicat mixte \u00ab Val de Sa\u00f4ne-Dombes \u00bb, apr\u00e8s avoir approuv\u00e9 le Sch\u00e9ma de coh\u00e9rence territoriale (SCOT), poursuit d\u00e9sormais plusieurs missions : Accompagner les collectivit\u00e9s dans leurs d\u00e9marches d&rsquo;urbanisme\u00a0: Le SCOT respecte le principe de subsidiarit\u00e9 : les collectivit\u00e9s membres ont pour t\u00e2che d&rsquo;en apporter les traductions locales. Accompagner et conseiller les \u00e9lus lors de [&hellip;]<\/p>\n","protected":false},"author":1,"featured_media":0,"parent":1590,"menu_order":0,"comment_status":"closed","ping_status":"closed","template":"","meta":{"_et_pb_use_builder":"off","_et_pb_old_content":"","_et_gb_content_width":"","footnotes":""},"class_list":["post-1594","page","type-page","status-publish","hentry"],"_links":{"self":[{"href":"https:\/\/www.scot-saonedombes.fr\/val-saone-dombes\/wp-json\/wp\/v2\/pages\/1594","targetHints":{"allow":["GET"]}}],"collection":[{"href":"https:\/\/www.scot-saonedombes.fr\/val-saone-dombes\/wp-json\/wp\/v2\/pages"}],"about":[{"href":"https:\/\/www.scot-saonedombes.fr\/val-saone-dombes\/wp-json\/wp\/v2\/types\/page"}],"author":[{"embeddable":true,"href":"https:\/\/www.scot-saonedombes.fr\/val-saone-dombes\/wp-json\/wp\/v2\/users\/1"}],"replies":[{"embeddable":true,"href":"https:\/\/www.scot-saonedombes.fr\/val-saone-dombes\/wp-json\/wp\/v2\/comments?post=1594"}],"version-history":[{"count":2,"href":"https:\/\/www.scot-saonedombes.fr\/val-saone-dombes\/wp-json\/wp\/v2\/pages\/1594\/revisions"}],"predecessor-version":[{"id":1934,"href":"https:\/\/www.scot-saonedombes.fr\/val-saone-dombes\/wp-json\/wp\/v2\/pages\/1594\/revisions\/1934"}],"up":[{"embeddable":true,"href":"https:\/\/www.scot-saonedombes.fr\/val-saone-dombes\/wp-json\/wp\/v2\/pages\/1590"}],"wp:attachment":[{"href":"https:\/\/www.scot-saonedombes.fr\/val-saone-dombes\/wp-json\/wp\/v2\/media?parent=1594"}],"curies":[{"name":"wp","href":"https:\/\/api.w.org\/{rel}","templated":true}]}}