{"id":1592,"date":"2020-11-24T08:06:53","date_gmt":"2020-11-24T07:06:53","guid":{"rendered":"https:\/\/dev.scot-saonedombes.fr\/?page_id=1592"},"modified":"2025-11-05T15:20:31","modified_gmt":"2025-11-05T14:20:31","slug":"organisation","status":"publish","type":"page","link":"https:\/\/www.scot-saonedombes.fr\/val-saone-dombes\/qu-est-ce-que-le-scot\/une-structure-pour-porter-le-projet\/organisation\/","title":{"rendered":"Organisation"},"content":{"rendered":"\n<p>Le Syndicat fonctionne autour de plusieurs entit\u00e9s&nbsp;:<\/p>\n\n\n\n<ul class=\"wp-block-list\">\n<li>Un\u00a0<strong>Pr\u00e9sident, Jean-Claude DESCHIZEAUX<\/strong>\u00a0: Il est le premier repr\u00e9sentant du Syndicat\u00a0; il pr\u00e9side les r\u00e9unions des Bureaux et Comit\u00e9s Syndicaux et participe aux r\u00e9unions politiques o\u00f9 se discute l&rsquo;avenir du territoire.<\/li>\n\n\n\n<li>Deux <strong>vice-pr\u00e9sidentes, Carole BONTEMPS-HESDIN et Marie-Monique THIVOLLE<\/strong><\/li>\n\n\n\n<li>Un\u00a0<strong>Bureau\u00a0syndical<\/strong>\u00a0: compos\u00e9 du Pr\u00e9sident, des deux vice-pr\u00e9sidentss et de membres \u00e9lus parmi le comit\u00e9 syndical, il effectue un travail pr\u00e9paratoire aux d\u00e9cisions du comit\u00e9 syndical en examinant au pr\u00e9alable les dossiers, et validant certaines orientations. Il se r\u00e9unit plus souvent que le comit\u00e9 syndical (environ une fois par mois).<br><em>Consultez la liste des membres du\u00a0Bureau syndical.<\/em><\/li>\n\n\n\n<li>Un\u00a0<strong>Comit\u00e9 syndical<\/strong>\u00a0: Ses 34 d\u00e9l\u00e9gu\u00e9s titulaires et 34 d\u00e9l\u00e9gu\u00e9s suppl\u00e9ants sont d\u00e9sign\u00e9s par et parmi les \u00e9lus du territoire. Le comit\u00e9 se r\u00e9unit plusieurs fois par an pour g\u00e9rer l&rsquo;avancement du SCoT et valider les grandes d\u00e9cisions.\u00a0\u00a0\u00a0\u00a0\u00a0\u00a0\u00a0\u00a0\u00a0\u00a0\u00a0\u00a0\u00a0\u00a0\u00a0\u00a0\u00a0\u00a0\u00a0 <em>Consultez la liste des membres du\u00a0Comit\u00e9 syndical.<\/em><\/li>\n\n\n\n<li>Une\u00a0<strong>Charg\u00e9e de mission<\/strong>\u00a0: Elle assure le suivi et les \u00e9volutions du SCoT, et accompagne les proc\u00e9dures d&rsquo;\u00e9volution des documents d&rsquo;urbanisme locaux du territoire en participant aux r\u00e9flexions en tant que personne publique associ\u00e9e (PPA). Elle assure la gestion administrative et budg\u00e9taire du syndicat mixte et pr\u00e9pare les d\u00e9cisions du syndicat, en veillant \u00e0 leur mise en \u0153uvre. Elle participe \u00e9galement aux r\u00e9flexions men\u00e9es par les partenaires et \u00e0 la d\u00e9marche inter-Scot. <\/li>\n<\/ul>\n","protected":false},"excerpt":{"rendered":"<p>Le Syndicat fonctionne autour de plusieurs entit\u00e9s&nbsp;:<\/p>\n","protected":false},"author":1,"featured_media":0,"parent":1590,"menu_order":0,"comment_status":"closed","ping_status":"closed","template":"","meta":{"_et_pb_use_builder":"off","_et_pb_old_content":"","_et_gb_content_width":"","footnotes":""},"class_list":["post-1592","page","type-page","status-publish","hentry"],"_links":{"self":[{"href":"https:\/\/www.scot-saonedombes.fr\/val-saone-dombes\/wp-json\/wp\/v2\/pages\/1592","targetHints":{"allow":["GET"]}}],"collection":[{"href":"https:\/\/www.scot-saonedombes.fr\/val-saone-dombes\/wp-json\/wp\/v2\/pages"}],"about":[{"href":"https:\/\/www.scot-saonedombes.fr\/val-saone-dombes\/wp-json\/wp\/v2\/types\/page"}],"author":[{"embeddable":true,"href":"https:\/\/www.scot-saonedombes.fr\/val-saone-dombes\/wp-json\/wp\/v2\/users\/1"}],"replies":[{"embeddable":true,"href":"https:\/\/www.scot-saonedombes.fr\/val-saone-dombes\/wp-json\/wp\/v2\/comments?post=1592"}],"version-history":[{"count":4,"href":"https:\/\/www.scot-saonedombes.fr\/val-saone-dombes\/wp-json\/wp\/v2\/pages\/1592\/revisions"}],"predecessor-version":[{"id":2177,"href":"https:\/\/www.scot-saonedombes.fr\/val-saone-dombes\/wp-json\/wp\/v2\/pages\/1592\/revisions\/2177"}],"up":[{"embeddable":true,"href":"https:\/\/www.scot-saonedombes.fr\/val-saone-dombes\/wp-json\/wp\/v2\/pages\/1590"}],"wp:attachment":[{"href":"https:\/\/www.scot-saonedombes.fr\/val-saone-dombes\/wp-json\/wp\/v2\/media?parent=1592"}],"curies":[{"name":"wp","href":"https:\/\/api.w.org\/{rel}","templated":true}]}}