{"id":1590,"date":"2020-11-24T08:06:23","date_gmt":"2020-11-24T07:06:23","guid":{"rendered":"https:\/\/dev.scot-saonedombes.fr\/?page_id=1590"},"modified":"2021-02-03T10:48:55","modified_gmt":"2021-02-03T09:48:55","slug":"une-structure-pour-porter-le-projet","status":"publish","type":"page","link":"https:\/\/www.scot-saonedombes.fr\/val-saone-dombes\/qu-est-ce-que-le-scot\/une-structure-pour-porter-le-projet\/","title":{"rendered":"La structure porteuse du SCoT"},"content":{"rendered":"\n<p>Le Syndicat mixte \u00ab Val de Sa\u00f4ne-Dombes \u00bb a \u00e9t\u00e9 cr\u00e9\u00e9 en avril 2002 pour conduire&nbsp;<strong>l&rsquo;\u00e9laboration<\/strong>&nbsp;et suivre la&nbsp;<strong>mise en \u0153uvre du sch\u00e9ma de coh\u00e9rence territoriale<\/strong>&nbsp;(SCOT). Il r\u00e9unit des \u00e9lus de toutes les collectivit\u00e9s du Val de Sa\u00f4ne-Dombes et porte les int\u00e9r\u00eats de l&rsquo;ensemble du territoire.<\/p>\n\n\n\n<p>Approuv\u00e9 en juillet 2006, modifi\u00e9 en 2010 afin de mieux prendre en compte le d\u00e9veloppement durable puis en 2013 pour int\u00e9grer un Document d&rsquo;Am\u00e9nagement Commercial (DAC), le SCoT a fait l&rsquo;objet d&rsquo;une <strong>r\u00e9vision approuv\u00e9e le 20 f\u00e9vrier 2020<\/strong>. Il doit d\u00e9sormais \u00ab vivre \u00bb par un dialogue et un travail continus en \u00e9troite collaboration avec l&rsquo;ensemble des acteurs impliqu\u00e9s dans l&rsquo;am\u00e9nagement du territoire. C&rsquo;est le r\u00f4le du syndicat mixte qui se trouve d\u00e9sormais face \u00e0 plusieurs&nbsp;<strong>grands chantiers<\/strong>&nbsp;parmi lesquels : la mise en&nbsp;<strong>compatibilit\u00e9<\/strong>&nbsp;des documents d&rsquo;urbanisme avec le SCoT, la mise en place d&rsquo;<strong>outils d&rsquo;observation et d&rsquo;\u00e9valuation<\/strong>, ou encore l&rsquo;<strong>information et la sensibilisation<\/strong> des acteurs sur les principes d&rsquo;am\u00e9nagement concourant \u00e0 un urbanisme durable et de qualit\u00e9. <\/p>\n\n\n\n<p><\/p>\n","protected":false},"excerpt":{"rendered":"<p>Le Syndicat mixte \u00ab Val de Sa\u00f4ne-Dombes \u00bb a \u00e9t\u00e9 cr\u00e9\u00e9 en avril 2002 pour conduire&nbsp;l&rsquo;\u00e9laboration&nbsp;et suivre la&nbsp;mise en \u0153uvre du sch\u00e9ma de coh\u00e9rence territoriale&nbsp;(SCOT). Il r\u00e9unit des \u00e9lus de toutes les collectivit\u00e9s du Val de Sa\u00f4ne-Dombes et porte les int\u00e9r\u00eats de l&rsquo;ensemble du territoire. Approuv\u00e9 en juillet 2006, modifi\u00e9 en 2010 afin de mieux [&hellip;]<\/p>\n","protected":false},"author":1,"featured_media":0,"parent":1575,"menu_order":0,"comment_status":"closed","ping_status":"closed","template":"","meta":{"_et_pb_use_builder":"off","_et_pb_old_content":"","_et_gb_content_width":"","footnotes":""},"class_list":["post-1590","page","type-page","status-publish","hentry"],"_links":{"self":[{"href":"https:\/\/www.scot-saonedombes.fr\/val-saone-dombes\/wp-json\/wp\/v2\/pages\/1590","targetHints":{"allow":["GET"]}}],"collection":[{"href":"https:\/\/www.scot-saonedombes.fr\/val-saone-dombes\/wp-json\/wp\/v2\/pages"}],"about":[{"href":"https:\/\/www.scot-saonedombes.fr\/val-saone-dombes\/wp-json\/wp\/v2\/types\/page"}],"author":[{"embeddable":true,"href":"https:\/\/www.scot-saonedombes.fr\/val-saone-dombes\/wp-json\/wp\/v2\/users\/1"}],"replies":[{"embeddable":true,"href":"https:\/\/www.scot-saonedombes.fr\/val-saone-dombes\/wp-json\/wp\/v2\/comments?post=1590"}],"version-history":[{"count":5,"href":"https:\/\/www.scot-saonedombes.fr\/val-saone-dombes\/wp-json\/wp\/v2\/pages\/1590\/revisions"}],"predecessor-version":[{"id":1845,"href":"https:\/\/www.scot-saonedombes.fr\/val-saone-dombes\/wp-json\/wp\/v2\/pages\/1590\/revisions\/1845"}],"up":[{"embeddable":true,"href":"https:\/\/www.scot-saonedombes.fr\/val-saone-dombes\/wp-json\/wp\/v2\/pages\/1575"}],"wp:attachment":[{"href":"https:\/\/www.scot-saonedombes.fr\/val-saone-dombes\/wp-json\/wp\/v2\/media?parent=1590"}],"curies":[{"name":"wp","href":"https:\/\/api.w.org\/{rel}","templated":true}]}}