{"id":1582,"date":"2020-11-24T08:03:30","date_gmt":"2020-11-24T07:03:30","guid":{"rendered":"https:\/\/dev.scot-saonedombes.fr\/?page_id=1582"},"modified":"2021-02-04T10:12:44","modified_gmt":"2021-02-04T09:12:44","slug":"les-collectivites-membres","status":"publish","type":"page","link":"https:\/\/www.scot-saonedombes.fr\/val-saone-dombes\/qu-est-ce-que-le-scot\/les-collectivites-membres\/","title":{"rendered":"Fonctionnement du SCoT"},"content":{"rendered":"\n<p>La structure charg\u00e9e de l&rsquo;\u00e9laboration et de la mise en \u0153uvre du SCOT Val de Sa\u00f4ne-Dombes est un&nbsp;<strong>syndicat<\/strong>&nbsp;qui est dit \u00ab&nbsp;<strong>mixte<\/strong>&nbsp;\u00bb car compos\u00e9 de collectivit\u00e9s adh\u00e9rentes.<\/p>\n\n\n\n<p><strong>Les \u00e9volutions :<\/strong><\/p>\n\n\n\n<p><strong>En 2006, le territoire se composait de quatre communaut\u00e9s de communes, un SIVOM et trois communes isol\u00e9es.<\/strong><\/p>\n\n\n\n<ul class=\"wp-block-list\"><li>La communaut\u00e9 de communes Sa\u00f4ne-Vall\u00e9e<\/li><li>La communaut\u00e9 de communes Porte Ouest de la Dombes<\/li><li>La communaut\u00e9 de communes Montmerle-3-Rivi\u00e8res<\/li><li>La communaut\u00e9 de communes Val de Sa\u00f4ne-Chalaronne<\/li><li>Le SIVOM Val de M\u00e2tre<\/li><li>Les communes isol\u00e9es de Villeneuve, Chaneins et Valeins<\/li><\/ul>\n\n\n\n<p>Soit 37 communes pour environ 58 000 habitants.<\/p>\n\n\n\n<p><strong>Au 1er janvier 2014, le territoire comprenait 36 communes<\/strong>&nbsp;(3 communaut\u00e9s de communes et deux communes) pour environ 56 800 habitants.<\/p>\n\n\n\n<ul class=\"wp-block-list\"><li><strong>La communaut\u00e9 de communes Dombes Sa\u00f4ne-Vall\u00e9e<\/strong>&nbsp;: fusion des communaut\u00e9s de communes Sa\u00f4ne Vall\u00e9e et Porte Ouest de la Dombes (hors Jassans-Riottier) et Villeneuve<\/li><li><strong>La communaut\u00e9 de communes Montmerle-3-Rivi\u00e8res<\/strong>&nbsp;(int\u00e9gration du SIVOM Val de M\u00e2tre le 1er janvier 2013)<\/li><li><strong>La communaut\u00e9 de communes Val de Sa\u00f4ne-Chalaronne<\/strong><\/li><li>Les communes de&nbsp;<strong>Chaneins et Valeins<\/strong><\/li><\/ul>\n\n\n\n<figure class=\"wp-block-image\"><a href=\"http:\/\/www.scot-saonedombes.fr\/uploads\/interco_2006_2014.pdf\" target=\"_blank\" rel=\"noreferrer noopener\"><img decoding=\"async\" src=\"http:\/\/www.scot-saonedombes.fr\/uploads\/images\/Interco_2006_2014.jpg\" alt=\"\" \/><\/a><\/figure>\n\n\n\n<p><strong>En septembre 2014, le SCoT Val de Sa\u00f4ne-Dombes comptait 3 EPCI :<\/strong><\/p>\n\n\n\n<p><strong>Les communaut\u00e9s de communes Dombes Sa\u00f4ne Vall\u00e9e, Montmerle 3 Rivi\u00e8res et Val de Sa\u00f4ne Chalaronne<\/strong>, soit 34 communes<\/p>\n\n\n\n<figure class=\"wp-block-image\"><a href=\"http:\/\/www.scot-saonedombes.fr\/uploads\/images\/Cartographie%20SCoT%20Dombes%20et%20VSD.jpg\" target=\"_blank\" rel=\"noreferrer noopener\"><img decoding=\"async\" src=\"http:\/\/www.scot-saonedombes.fr\/uploads\/images\/Cartographie%20SCoT%20Dombes%20et%20VSD.jpg\" alt=\"\" \/><\/a><\/figure>\n\n\n\n<p>Les communaut\u00e9s de communes Montmerle 3 Rivi\u00e8res et Val de Sa\u00f4ne Chalaronne ayant fusionn\u00e9 au 1er janvier 2017 pour former la communaut\u00e9 de communes Val de Sa\u00f4ne Centre,&nbsp;<strong>le SCoT se compose aujourd&rsquo;hui de 2 ECPI :&nbsp;<\/strong><\/p>\n\n\n\n<p><strong>Les communaut\u00e9s de communes Dombes Sa\u00f4ne Vall\u00e9e et Val de Sa\u00f4ne Centre<\/strong>, soit 34 communes<\/p>\n","protected":false},"excerpt":{"rendered":"<p>La structure charg\u00e9e de l&rsquo;\u00e9laboration et de la mise en \u0153uvre du SCOT Val de Sa\u00f4ne-Dombes est un&nbsp;syndicat&nbsp;qui est dit \u00ab&nbsp;mixte&nbsp;\u00bb car compos\u00e9 de collectivit\u00e9s adh\u00e9rentes. Les \u00e9volutions : En 2006, le territoire se composait de quatre communaut\u00e9s de communes, un SIVOM et trois communes isol\u00e9es. La communaut\u00e9 de communes Sa\u00f4ne-Vall\u00e9e La communaut\u00e9 de communes [&hellip;]<\/p>\n","protected":false},"author":1,"featured_media":0,"parent":1575,"menu_order":0,"comment_status":"closed","ping_status":"closed","template":"","meta":{"_et_pb_use_builder":"off","_et_pb_old_content":"","_et_gb_content_width":"","footnotes":""},"class_list":["post-1582","page","type-page","status-publish","hentry"],"_links":{"self":[{"href":"https:\/\/www.scot-saonedombes.fr\/val-saone-dombes\/wp-json\/wp\/v2\/pages\/1582","targetHints":{"allow":["GET"]}}],"collection":[{"href":"https:\/\/www.scot-saonedombes.fr\/val-saone-dombes\/wp-json\/wp\/v2\/pages"}],"about":[{"href":"https:\/\/www.scot-saonedombes.fr\/val-saone-dombes\/wp-json\/wp\/v2\/types\/page"}],"author":[{"embeddable":true,"href":"https:\/\/www.scot-saonedombes.fr\/val-saone-dombes\/wp-json\/wp\/v2\/users\/1"}],"replies":[{"embeddable":true,"href":"https:\/\/www.scot-saonedombes.fr\/val-saone-dombes\/wp-json\/wp\/v2\/comments?post=1582"}],"version-history":[{"count":1,"href":"https:\/\/www.scot-saonedombes.fr\/val-saone-dombes\/wp-json\/wp\/v2\/pages\/1582\/revisions"}],"predecessor-version":[{"id":1905,"href":"https:\/\/www.scot-saonedombes.fr\/val-saone-dombes\/wp-json\/wp\/v2\/pages\/1582\/revisions\/1905"}],"up":[{"embeddable":true,"href":"https:\/\/www.scot-saonedombes.fr\/val-saone-dombes\/wp-json\/wp\/v2\/pages\/1575"}],"wp:attachment":[{"href":"https:\/\/www.scot-saonedombes.fr\/val-saone-dombes\/wp-json\/wp\/v2\/media?parent=1582"}],"curies":[{"name":"wp","href":"https:\/\/api.w.org\/{rel}","templated":true}]}}