{"id":42,"date":"2020-12-03T14:10:53","date_gmt":"2020-12-03T13:10:53","guid":{"rendered":"http:\/\/www.www.scot-saonedombes.fr\/la-dombes\/?page_id=42"},"modified":"2021-02-04T17:01:37","modified_gmt":"2021-02-04T16:01:37","slug":"des-territoires-des-projets","status":"publish","type":"page","link":"https:\/\/www.scot-saonedombes.fr\/la-dombes\/des-territoires-des-projets\/","title":{"rendered":"Pr\u00e9sentation du territoire"},"content":{"rendered":"\n<p class=\"has-vivid-cyan-blue-color has-text-color has-medium-font-size\">Le territoire du SCoT de la Dombes s\u2019inscrit dans un\u00a0paysage institutionnel et local tr\u00e8s composite dans lequel interviennent de nombreux autres acteurs<\/p>\n\n\n\n<p>Situ\u00e9 au sud du d\u00e9partement de l\u2019Ain, le p\u00e9rim\u00e8tre du SCoT de la Dombes occupe une position strat\u00e9gique<ins> au croisement des <\/ins>agglom\u00e9ration<ins>s<\/ins> <ins>caladoise, m\u00e2connaise,<\/ins> <ins>bressane<\/ins> et de la M\u00e9tropole Lyonnaise. Il comprend 36 communes sur une superficie de 621,06 km\u00b2. <ins>Son plateau domine les vall\u00e9es de la Sa\u00f4ne, du Rh\u00f4ne et de la plaine de l\u2019Ain.<\/ins><\/p>\n\n\n\n<p>Les communes et<ins> les \u00e9tablissements publics de coop\u00e9ration intercommunale <\/ins>voisins  sont \u00e9galement couverts des SCoT. <\/p>\n\n\n\n<p><\/p>\n\n\n\n<p class=\"has-vivid-cyan-blue-color has-text-color has-medium-font-size\">Les communes comprises dans le p\u00e9rim\u00e8tre du SCoT<\/p>\n\n\n\n<p>L\u2019Abergement-Cl\u00e9menciat, Baneins, Birieux, Bouligneux, Chalamont, Chaneins, La Chapelle-du-Chatelard, Ch\u00e2tenay, Ch\u00e2tillon-la-Palud, Ch\u00e2tillon-sur-Chalaronne, Condeissiat, Crans, Dompierre-sur-Chalaronne, Lapeyrouse, Le Plantay, Marlieux, Mionnay, Monthieux, Neuville-les-Dames, Relevant, Romans, Saint-Andr\u00e9-de-Corcy, Saint-Andr\u00e9-le-Bouchoux, Saint-Georges-sur-Renon, Saint-Germain-sur-Renon, Saint-Marcel, Saint-Nizier-le-D\u00e9sert, Sainte-Olive, Saint-Paul-de-Varax, Saint-Trivier-sur-Moignans, Sandrans, Sulignat, Valeins, Versailleux, Villars-les-Dombes, Villette-sur-Ain.<\/p>\n\n\n\n<p><\/p>\n\n\n\n<figure class=\"wp-block-image size-large\"><img loading=\"lazy\" decoding=\"async\" width=\"992\" height=\"898\" src=\"https:\/\/www.scot-saonedombes.fr\/la-dombes\/wp-content\/uploads\/sites\/4\/2021\/02\/carte-territoire.jpg\" alt=\"\" class=\"wp-image-521\" srcset=\"https:\/\/www.scot-saonedombes.fr\/la-dombes\/wp-content\/uploads\/sites\/4\/2021\/02\/carte-territoire.jpg 992w, https:\/\/www.scot-saonedombes.fr\/la-dombes\/wp-content\/uploads\/sites\/4\/2021\/02\/carte-territoire-980x887.jpg 980w, https:\/\/www.scot-saonedombes.fr\/la-dombes\/wp-content\/uploads\/sites\/4\/2021\/02\/carte-territoire-480x435.jpg 480w\" sizes=\"(min-width: 0px) and (max-width: 480px) 480px, (min-width: 481px) and (max-width: 980px) 980px, (min-width: 981px) 992px, 100vw\" \/><figcaption>P\u00e9rim\u00e8tre SCoT Dombes &#8211; Source C\u00e9dric Bonnardel<\/figcaption><\/figure>\n\n\n\n<p><\/p>\n","protected":false},"excerpt":{"rendered":"<p>Le territoire du SCoT de la Dombes s\u2019inscrit dans un\u00a0paysage institutionnel et local tr\u00e8s composite dans lequel interviennent de nombreux autres acteurs Situ\u00e9 au sud du d\u00e9partement de l\u2019Ain, le p\u00e9rim\u00e8tre du SCoT de la Dombes occupe une position strat\u00e9gique au croisement des agglom\u00e9rations caladoise, m\u00e2connaise, bressane et de la M\u00e9tropole Lyonnaise. Il comprend 36 [&hellip;]<\/p>\n","protected":false},"author":1,"featured_media":0,"parent":0,"menu_order":0,"comment_status":"closed","ping_status":"closed","template":"","meta":{"_et_pb_use_builder":"off","_et_pb_old_content":"","_et_gb_content_width":"","footnotes":""},"class_list":["post-42","page","type-page","status-publish","hentry"],"_links":{"self":[{"href":"https:\/\/www.scot-saonedombes.fr\/la-dombes\/wp-json\/wp\/v2\/pages\/42","targetHints":{"allow":["GET"]}}],"collection":[{"href":"https:\/\/www.scot-saonedombes.fr\/la-dombes\/wp-json\/wp\/v2\/pages"}],"about":[{"href":"https:\/\/www.scot-saonedombes.fr\/la-dombes\/wp-json\/wp\/v2\/types\/page"}],"author":[{"embeddable":true,"href":"https:\/\/www.scot-saonedombes.fr\/la-dombes\/wp-json\/wp\/v2\/users\/1"}],"replies":[{"embeddable":true,"href":"https:\/\/www.scot-saonedombes.fr\/la-dombes\/wp-json\/wp\/v2\/comments?post=42"}],"version-history":[{"count":14,"href":"https:\/\/www.scot-saonedombes.fr\/la-dombes\/wp-json\/wp\/v2\/pages\/42\/revisions"}],"predecessor-version":[{"id":524,"href":"https:\/\/www.scot-saonedombes.fr\/la-dombes\/wp-json\/wp\/v2\/pages\/42\/revisions\/524"}],"wp:attachment":[{"href":"https:\/\/www.scot-saonedombes.fr\/la-dombes\/wp-json\/wp\/v2\/media?parent=42"}],"curies":[{"name":"wp","href":"https:\/\/api.w.org\/{rel}","templated":true}]}}